te number?
True
Let v(o) = -o**3 + 35*o**2 + 53*o + 29. Let g be v(21). Let k = g - 5023. Is k composite?
False
Let a(i) = 11*i - 65. Let x be a(8). Let c = 2754 + x. Is c prime?
True
Is (0 - -1) + 221743064/791 - 6/(-14) a prime number?
False
Suppose 0 = 46*m + 5*m - 29*m - 12612094. Is m a prime number?
True
Is ((-102)/51)/((-1756024)/439004 + 4) a composite number?
False
Let z(i) = i**3 + 2*i**2 - 1. Let g be z(1). Let w be (104/5)/(g/10). Is (-12 - w)*5/(-4) composite?
True
Suppose j - 3*l + 229649 = 0, 0 = 3*l - 1 - 5. Is (2/(-4) - -1) + j/(-262) a composite number?
False
Let q = -3 + -3. Let z(p) = -p**3 - 4*p**2 + 11*p - 4. Let v be z(q). Suppose 0 = -4*y + v*y + 662. Is y a composite number?
False
Suppose 1047800 + 510358 + 12249351 = 57*f. Is f a prime number?
False
Let d be 189/8 - (-12)/32. Suppose 0 = -29*u + d*u + 2575. Is u a composite number?
True
Let v(y) = 3607*y - 2037. Is v(142) prime?
True
Is 5726348/102*3/2 a composite number?
False
Let x(m) = -m**3 + 26*m**2 + 25*m + 43. Let t be (-2)/1*175/(-14). Is x(t) a composite number?
True
Let y(s) = 40*s - 117. Let i be y(3). Suppose -3*t - 2343 + 27794 = 5*b, 0 = -i*b + 4*t + 15259. Is b a prime number?
False
Suppose 17*a - 51 - 68 = 0. Suppose 0 = -t - 4*d + 135, -a*t - 3*d + 641 = -2*t. Is t a composite number?
False
Is (-118182957)/(-1269) - 2/(-9) a composite number?
False
Suppose -71 + 21 = -5*z. Let n(v) = -7 - z + 85*v + 3 + 0. Is n(9) a prime number?
True
Suppose -3*t + 2*j - 34 = -8*t, 0 = 3*t + 9*j - 36. Let n(a) = -a**2 + a - 2. Let m be n(-2). Is (t/9)/(m/(-16620)) a prime number?
False
Suppose -194*z + 323688824 = 211*z - 258955921. Is z a composite number?
True
Is (1111/44 - 25) + 343871/4 + -1 composite?
True
Suppose 100*u - 86*u = -3148313 + 15706551. Is u a composite number?
True
Suppose 31*u - 156 = 18*u. Is 1633 + 4/(-14) + u/(-7) a prime number?
False
Let a(t) = -46689*t - 151. Is a(-6) a prime number?
False
Let g be 86 - 5*(-4)/(-20). Let w = g - 24. Suppose -n + 16 = -w. Is n prime?
False
Let k be (1 - 3/1) + (-2 - -6). Let l(g) = 640*g**2 + 7. Is l(k) a prime number?
False
Let t(u) = -3*u + 2. Let c be t(8). Let o = -18 - c. Let s(g) = 320*g - 13. Is s(o) composite?
True
Suppose -145*z + 23465590 + 24595105 = -484580. Is z prime?
False
Let v(r) = -1685*r - 648. Is v(-77) composite?
False
Let p(b) = -7*b**3 - 16*b**2 - 49*b - 25. Suppose 3*j - 4*r = -3*r - 19, 4*j + 57 = -5*r. Is p(j) a prime number?
True
Let x be (14/21)/(4/18114). Let b = -1658 + x. Is b prime?
True
Suppose -3*a + 1415392 - 381791 = -2*h, -4*a + 2*h + 1378132 = 0. Is a a prime number?
False
Let x(j) = 45*j - 22. Let l(r) = -91*r + 45. Let h(d) = -6*l(d) - 14*x(d). Let k be h(-16). Suppose 2*p = -0*p + k. Is p a composite number?
False
Is (-16)/2 + 19/(95/1072505) prime?
False
Let r be ((-3)/4*2)/((-1)/(-12)). Let o = r - -67. Is o composite?
True
Let p = 174659 + -90238. Is p prime?
True
Let u = 519067 - 211040. Is u a composite number?
False
Let m(n) = -n**2 - 12*n - 16. Let c be m(-10). Suppose 54 = c*d - 54. Suppose 3*w = -d + 420. Is w a composite number?
False
Let l(b) = 124*b**2 - 11*b + 5. Let c be l(-6). Let v = c + -2074. Is v a prime number?
False
Suppose -3*d = 3*w + 14 - 5, -3*d + 2*w = 9. Is (-26441)/d - (8/(-6))/(-2) a composite number?
True
Suppose 2*i = k - 9847 + 100470, 45319 = i + 2*k. Is i a composite number?
True
Let y be ((-40)/14)/((-12)/42). Suppose -y*l = 1 - 21. Suppose -g = -3, -3*i + 1320 = -g - l*g. Is i composite?
False
Let d = 50 - 55. Let p(u) = u**2 + 2*u - 11. Let t be p(d). Suppose 0 = -5*x - 2*w + w + 2704, -3*w + 2161 = t*x. Is x a prime number?
True
Let d be 7/35 - (18/15 - 0). Let v be -18*((2 - 2)/d - 1). Is 41866/v - 19/(-171) a composite number?
True
Let p(k) = k**3 - 13*k**2 - 19*k - 37. Let q(t) = t. Let r(h) = p(h) + 5*q(h). Let y be r(15). Suppose -y = -2*x + 771. Is x a composite number?
False
Let c be 2/7 + (-3)/21*2. Let x(t) = t + 895. Let y be x(c). Let a = -406 + y. Is a a prime number?
False
Let l(f) = 383*f**2 + 8*f + 68. Is l(11) prime?
True
Let y = -132023 - -515284. Is y prime?
True
Suppose -6*h - 26 = -19*h. Suppose -y + 6 = 3*u - 2*u, 0 = -h*y + 3*u - 8. Suppose -4*r + 3*r = -4*c + 360, 3*r = y*c - 190. Is c a prime number?
True
Let u be 14/(-4)*(15 + (-9)/3). Let n = u + 20. Let p(d) = d**3 + 22*d**2 - 10*d - 11. Is p(n) prime?
False
Let o(l) = -1678*l - 91. Let a be o(-12). Suppose -37*x + a = -32*x. Is x a prime number?
False
Suppose -426 + 418 = -2*u, 5*y + u - 475719 = 0. Is y a composite number?
False
Let a(c) = 34*c - 1 - 5 + c**3 + 1 - 11*c**2. Is a(4) a prime number?
True
Suppose -r = 4*c - 15292, 2*c - 10595 = -5*r - 2949. Suppose 4*z = -0*z - 3*h + c, 3*z + h - 2866 = 0. Is z a prime number?
False
Suppose 9 = 20*m - 11*m. Is (11 + (-20817 - -3))/((-1)/m) prime?
False
Let w = 89 - 62. Suppose 30*s = w*s + 10767. Is s composite?
True
Suppose 2*i - 3052981 = 7*h - 6*h, 5*h + 6105959 = 4*i. Is i a prime number?
False
Suppose 48*h - 1341 = 39*h. Let s = h - -720. Is s a prime number?
False
Let k = 157 + -159. Is k/10 + 95432/10 composite?
True
Suppose -8*j + 4*j = -4*p + 4, 4*j - 5 = p. Suppose -w + 0*l - l = -3996, 0 = -j*l + 4. Is w a composite number?
True
Let s be (-2982)/(-27) + 4/(-9). Let o be 2 + (1 - 1) - 29. Let w = s + o. Is w a composite number?
False
Suppose 3*h + u + 6 = 0, 0 = -h - 0*u - u - 4. Let c be 19/57*(-31 - h). Let k = 341 + c. Is k composite?
False
Is -3148*((-445)/20 + -4) + -8 a prime number?
False
Let o be (-2 + 5 + (-27)/(-2))*388. Let z = o - 3811. Is z prime?
True
Let w be 5445/(-12) + (-9)/(-12). Let t be -971 - (2/8)/((-28)/112). Let p = w - t. Is p a composite number?
True
Let w be (-1)/(-2)*(0/4)/5. Suppose -x + w*x - 4 = 0, 0 = 5*g - 5*x + 2845. Let f = g - -887. Is f prime?
False
Let d(k) = k**3 - 2*k + 12330. Let f be d(0). Let s = f + 9025. Suppose -20*u = -25*u + s. Is u composite?
False
Let m be (-4)/(-3) - (-14544)/27. Let x = 361 - m. Let y = 192 - x. Is y composite?
True
Let f(p) = 4*p + 18529. Suppose -239*d = -237*d. Is f(d) prime?
False
Suppose -3 = -3*k, -2*k + 6*k + 16 = -4*p. Is 3 - -3784 - (-5 - p) prime?
False
Let l(w) = -w**3 - 10*w**2 - 15*w + 10. Let y be l(-8). Is (1/(-2))/(y/(-13084)) a composite number?
False
Let h(m) be the first derivative of 30*m**2 + 4*m - 35. Let g be h(17). Let c = g + 139. Is c a composite number?
False
Let q = 22176 - -1623. Is q a composite number?
True
Suppose -5*j - 23 = -38. Suppose -5*g + 3*n + 1261 = 0, 0*g - j*g - 3*n + 747 = 0. Is g a composite number?
False
Let l = 678 + 421. Suppose 0 = 5*w + 4*u - 3133, -l - 2049 = -5*w + u. Is w prime?
False
Let l(d) = -1228*d**2 - 5*d - 6. Let j be l(-1). Let z = j + 6078. Is z a prime number?
False
Let q be 8/(-14)*105/(-30). Suppose h - a - 792 = 249, a - q = 0. Is h prime?
False
Let f be ((-12)/15 - -1)*-5. Let b be -4 + (938 - f)/3. Suppose 0*g = -g + o + b, 0 = 4*g + 2*o - 1224. Is g a composite number?
False
Let d(c) = 32684*c**2 + 11*c + 8. Is d(-1) prime?
False
Let c(k) = 1139*k + 187. Is c(26) a prime number?
False
Let n = 8888 + 25019. Is n composite?
True
Let c = -12 + 272. Let b = -49 + c. Is b a prime number?
True
Suppose 15*r - 12*r + i = 1287028, 1715965 = 4*r - 9*i. Is r a prime number?
True
Suppose 3*j = 2*i - 4*i - 5, 4*i - 5*j - 1 = 0. Is i + 6 + 6 + 2876 composite?
False
Let z = -125 - -250. Suppose -2*t + 3469 = -z. Is t a prime number?
False
Let k be (-24)/(-5) + (-33)/(-165). Is 15425 - (k - (-1 + 2)) composite?
True
Suppose 5*k - 2*r = -6*r + 2835, 0 = 4*r. Is (2/(-6))/((-27)/k) prime?
True
Let k(j) = 4*j + 12. Let z be k(-3). Suppose -p + s + 7254 = z, -2*p + s + 14473 = 6*s. Suppose -8*y + 1863 = -p. Is y prime?
False
Suppose 467 - 2611 = -h - 3*s, -3*h - 4*s = -6407. Is h a prime number?
True
Let w(g) = g**3 - 2*g. Let y be w(2). Suppose -y*p + 484 = 2*j, p - 143 = -0*j + 5*j. Suppose -p*i + 118*i = -2185. Is i composite?
True
Let r(a) = 2*a - 11. Let l be r(7). Suppose 4*x + 1041 = l*j, 0*j - 694 = -2*j + 5*x. Is j a composite number?
False
Suppose -2*z + z + 5*o = -80, -374 = -4*z + 2*o. Let p be (-1258)/(-9) - 4/(-18). Suppose -5*s + p + z = 0. Is s a composite number?
False
Suppose -140*o = 20725315 - 52976555. Is o a prime number?
False
Let x(p) = -2*p**2 - 2*p 